898 = 12*s - 1118. Calculate the remainder when s is divided by 88.
80
Let d = -5 + 28. Suppose 1 = -2*j + d. Suppose -j = -2*q + q. What is the remainder when 32 is divided by q?
10
Suppose -5*w - h = -86 - 69, 5*w - 130 = 4*h. Calculate the remainder when 147 is divided by w.
27
Let g = -35 + 59. Calculate the remainder when g is divided by 6/9*105/10.
3
Let z be 2/(-8) + (6643/4)/(-13). Let i = 148 + z. Suppose -2*h - 4*u + 9 = -5, 31 = 3*h + u. What is the remainder when i is divided by h?
9
Suppose 0 = -3*u + 2*y + 116, 0 = -0*u + 5*u - 2*y - 188. Suppose u*w = 33*w + 342. Calculate the remainder when w is divided by 29.
27
Let a(g) = g**3 - 3*g**2 - 4*g - 2. Let q be a(4). Calculate the remainder when ((108/10)/(-3))/(q/15) is divided by 14.
13
Calculate the remainder when 751 is divided by (-3)/4 - (86/(-8) + -3).
10
What is the remainder when (0 - 3) + 8/(56/343) is divided by 25?
21
Suppose -3*j = 2*y - 16 - 21, y = 4*j - 64. Suppose 0 = 4*c + 6*f - 316, 3*c - 232 = -4*f + 3. Calculate the remainder when c is divided by j.
13
Let x = 142 - -7. What is the remainder when x is divided by 25?
24
Let d be ((-16)/5)/(15/(-300)). Suppose 2*y + r - d = 0, y = 2*r + 34 - 2. Let m(n) = n**2 + 8*n + 9. Calculate the remainder when y is divided by m(-8).
5
Let z(y) = 2*y + 39. Suppose -4*m - 2*a - a - 58 = 0, 0 = -2*m + 5*a - 42. What is the remainder when z(m) is divided by 5?
2
What is the remainder when (-1356)/(-20) + (72/10 - 7) is divided by 38?
30
Let c(b) = 2*b + 10. Let p be 13 - 11 - (-8)/(-2). Let u be 306/63 - p/14. Calculate the remainder when 57 is divided by c(u).
17
Suppose -79 = -4*y + 21. Suppose -39*j + 887 = -3949. Calculate the remainder when j is divided by y.
24
Let r(a) = 519*a + 11940. Suppose f - 5*h + 22 = 0, -4*h + 0*h - 2 = 2*f. Calculate the remainder when f/(-3) + (-4)/(-6) is divided by r(-23).
0
Let j(k) = 2*k**2 - 4*k - 2. Let f = 0 + -2. What is the remainder when 55 is divided by j(f)?
13
What is the remainder when (-4660)/(-75) - 20/150 is divided by 147/9 + 2/(-6)?
14
Suppose -3*j = -35 - 25. Suppose -n = -2*n + j. Calculate the remainder when n is divided by 5.
0
Suppose -3*i - 7*i + 300 = 0. Calculate the remainder when 144 is divided by i.
24
Calculate the remainder when 210 is divided by ((-262)/(-3))/2 + (-116)/174.
38
Suppose -3*t + 298 = t + 5*l, -3*t = 4*l - 223. Calculate the remainder when t is divided by 21.
14
Let v(d) = 2*d - 2*d + 10 - 2*d. Let b be v(-8). Let l = b - -8. Calculate the remainder when l is divided by 12.
10
Suppose -151 = -8*v - 63. Suppose -3*y - 4*a + 69 = -90, -5*y = -4*a - 265. Let h = y + -32. Calculate the remainder when h is divided by v.
10
Suppose 0 = -4*d + 588 + 564. Suppose 0*q = 4*q - d. Calculate the remainder when q is divided by 19.
15
Let d = 72 + -72. Suppose -2*f = -f + 2, -4*b - f + 102 = d. What is the remainder when 126 is divided by b?
22
Let o(h) = 8*h**3 - h**2. Suppose 3*i - 55 = 56. What is the remainder when i is divided by o(1)?
2
Let t = 432 - 403. What is the remainder when 42 is divided by t?
13
Let u be (-6)/(-4) + 66/4. Let n(j) = -7*j + 3*j + u*j + 3 - 4*j**2 + 3*j**2. Calculate the remainder when 45 is divided by n(13).
13
Suppose -5*w + 4*s - 2 = -4, 4*w - s - 6 = 0. Let o be 1/3*(w + 34). What is the remainder when 15 is divided by (14/21)/(1/o)?
7
Let q(t) = -5*t - 28. Let k be q(10). Let u = k - -86. Calculate the remainder when 26 is divided by u.
2
Suppose -9*u + 239 = -238. Suppose 110 = 58*s - u*s. Calculate the remainder when 109 is divided by s.
21
Let u be (-212)/(-4) + -4 + 1. Let r = u + -12. What is the remainder when r is divided by 32/3 + 6/(-9)?
8
Suppose 2*x - 2*t = 3*x - 9, -4*t + 16 = 0. Suppose 3*z = 4*u - 11 - 15, 5*z - 15 = -5*u. What is the remainder when (-14)/((-3)/2 + x) is divided by u?
3
Let c(z) = z**3 - 3*z**2 + z + 17. What is the remainder when 110 is divided by c(4)?
36
Calculate the remainder when 16585/62 + 2/(-4) is divided by 70.
57
Suppose 0 = 2*i + 55 - 165. Calculate the remainder when 327 is divided by i.
52
Suppose 3*n = g - 33, -59 = 4*g - 7*g + n. What is the remainder when g is divided by 3?
0
Suppose -4*k + j - 187 = -9*k, 0 = -2*k - j + 76. Suppose q - 4*q - 3*d = -27, -k = -5*q - 3*d. Let c = 6 + q. What is the remainder when 19 is divided by c?
8
Suppose -4*c - 5*h - 140 = -9*c, -20 = -c + 5*h. Calculate the remainder when 449 is divided by c.
29
Let o = 7 + -5. Suppose -o*i + 732 = 4*i. Calculate the remainder when i is divided by 21.
17
Suppose -w + 4 + 0 = 0. Suppose 8 = 4*s - w. Suppose -s*t = j - 8, 3*j = -j - t + 65. Calculate the remainder when j is divided by 6.
5
What is the remainder when 218 is divided by -1*(-8 + 14) - -26?
18
Let l = 7 + -8. Let f = -8 + l. Let j = 18 + f. What is the remainder when 25 is divided by j?
7
Suppose -5*m + y = -726, 30*m + 3*y - 432 = 27*m. Calculate the remainder when m is divided by 34.
9
Suppose 4*p - 4 + 18 = -m, 10 = -2*p. Let z = 70 - m. What is the remainder when z is divided by 22?
20
Suppose 0 = -5*c + 2*w + 100, 0*w - 98 = -4*c - 2*w. What is the remainder when 83 is divided by c - (-2)/4*(3 + -5)?
20
What is the remainder when 114 is divided by -3 + (5 - 3) + 107?
8
Suppose 3*g - 4*m = 15, -g + 0*m = 5*m - 5. Suppose g*n = p + 263, -3*n + 5*n + p = 108. Calculate the remainder when n is divided by 15.
8
Let q = -518 - -553. Calculate the remainder when q is divided by 29.
6
Let a(s) = -2*s**2 - s + 1. Let g be a(1). Let x(p) = 11*p**2 + 4*p + 2. Let u(i) = 1208*i + 8469. What is the remainder when x(g) is divided by u(-7)?
12
Suppose 2*t - 115 = -5*h, 3*t = -3*h - h + 190. Suppose 11*i - t = -3*i. Calculate the remainder when 32 is divided by i.
2
Suppose -n + a + 24 = 0, 0 = -2*n - 2*n - a + 91. Let s be (270/4)/5*2. Suppose s = 2*d - n. What is the remainder when d is divided by 14?
11
Suppose 9*v - 29 = 70. Suppose -14*r - 62 = -16*r. Calculate the remainder when r is divided by v.
9
Suppose 2*b + 2*x - 80 = 0, 66*x - 34 = -b + 68*x. What is the remainder when 106 is divided by b?
30
Calculate the remainder when -5*(-1)/10*134 is divided by 17.
16
Suppose -26*t - 1 = -27*t. Suppose -4*o = 3*g - 151, -o = -g + t - 30. Calculate the remainder when 132 is divided by o.
30
Let l(y) = 2*y**2 - y + 3. Calculate the remainder when 7 + -2 + 192/3 is divided by l(3).
15
Let s(n) = 10*n**2 - 3*n + 2. Calculate the remainder when s(3) is divided by 25.
8
Calculate the remainder when 218 is divided by (-2 + -1 + 2)*234/(-18).
10
Let t(o) = 3*o**2 + 41*o - 21. Calculate the remainder when t(-16) is divided by 31.
29
Let m be (2/(-2))/(3/(-12)). Suppose -m*f + 16 = 4*f. What is the remainder when 8 is divided by f?
0
Let b = -23 + 18. Let q(z) = -4*z - 10. Calculate the remainder when 14 is divided by q(b).
4
Suppose -2*c + 20 = -c - 3*x, -9 = 3*x. Calculate the remainder when 38 is divided by c.
5
Let v be (-6865)/40 - 6/16. Let b = v + 374. What is the remainder when b is divided by 29?
28
Let c(t) = t**3 - 33*t**2 + 6*t - 181. Calculate the remainder when (-56)/(-1) + (-2 - -4) is divided by c(33).
7
Suppose -3*f + f - 6 = 0. Let j be (-2)/(2/f) + 2. Suppose -90 = -5*s - j*a, a + 38 + 39 = 4*s. What is the remainder when 75 is divided by s?
18
Suppose -2*z + 158 = 38. Suppose 5*y = -5 + z. Suppose 2*g = 12 - 0. Calculate the remainder when y is divided by g.
5
Let x be 18*7/(-6)*-2. Suppose -2*g + 31 + 1 = 4*l, 0 = -2*l + 2*g + 22. What is the remainder when 1*x + 0/(-17) is divided by l?
6
Let m(x) = -x**2 + 15*x - 29. Calculate the remainder when m(10) is divided by 7.
0
Let z be -8 + 6 + 10/(-1). Let i(q) = -q**3 - 2*q**2 - q - 1. Let s be i(-2). What is the remainder when 5 is divided by (z/(-8))/(s/2)?
2
Suppose d - 1 - 1 = g, -12 = -3*g. Calculate the remainder when 35 is divided by d.
5
Suppose 0 = -r + 8 + 4. Suppose 0 = -0*g - 3*g + r. Let t = g - -1. Calculate the remainder when t is divided by 2.
1
Let y(c) = -1 + 9*c**3 + c**3 + c**2 - c**3 - 2*c. Suppose -5*p = -0*k + 5*k - 145, p + 67 = 3*k. Calculate the remainder when y(2) is divided by k.
23
Let i = 23 - 21. Let d(r) = 2*r**2 - 1 + 6*r**2 + 12*r + 3*r**i - 12*r**2. Calculate the remainder when 16 is divided by d(11).
6
Let x = -21 - -20. Calculate the remainder when 40 is divid